{"id":41144,"date":"2024-09-19T15:14:05","date_gmt":"2024-09-19T13:14:05","guid":{"rendered":"https:\/\/www.fleurop-home.ch\/de-ch\/p\/elfensporn-diascia-personata-4-stueck"},"modified":"2026-04-28T11:50:14","modified_gmt":"2026-04-28T09:50:14","slug":"eperon-delfe-diascia-personata-6","status":"publish","type":"product","link":"https:\/\/www.fleurop-home.ch\/fr-ch\/p\/elfensporn-diascia-personata-6","title":{"rendered":"Eperon des elfes - Diascia personata"},"content":{"rendered":"<p>Cet \u00e9peron d'elfe compact \u00e0 floraison abondante de couleur rouge fonc\u00e9 attire l'attention dans tous les coins ensoleill\u00e9s. La plante est sp\u00e9cialement cultiv\u00e9e comme fleur d'\u00e9t\u00e9 saisonni\u00e8re et convient parfaitement aux bacs de balcon, aux bordures, aux ampoules, aux bacs ou aux plantations de tombes. Les abeilles en particulier appr\u00e9cient la splendeur des fleurs et cr\u00e9ent une activit\u00e9 vivante autour de la plante. Id\u00e9alement, l'\u00e9peron des elfes pousse dans un sol perm\u00e9able et pr\u00e9f\u00e8re un emplacement ensoleill\u00e9. L'arrosage doit \u00eatre mod\u00e9r\u00e9 afin d'\u00e9viter l'accumulation d'eau. Gr\u00e2ce \u00e0 son entretien facile, cette plante estivale enrichit chaque espace ext\u00e9rieur et repr\u00e9sente une biodiversit\u00e9 color\u00e9e issue de la production suisse 100 %.<\/p>\n<p>Hauteur : 30 cm<br \/>\nTaille du pot : pot de 12<br \/>\nR\u00e9sistance au froid : pas de r\u00e9sistance au froid<br \/>\nLumi\u00e8re : ensoleill\u00e9e<br \/>\nP\u00e9riode de floraison : de mai \u00e0 septembre<br \/>\nSol : perm\u00e9able<\/p>","protected":false},"excerpt":{"rendered":"<p>Eperon des elfes rouge fonc\u00e9 - fleur d'\u00e9t\u00e9 compacte pour les amis des abeilles<\/p>","protected":false},"featured_media":41143,"template":"","meta":[],"product_brand":[],"product_cat":[109,34,41],"product_tag":[299],"woo-feed-brand":[],"class_list":{"0":"post-41144","1":"product","2":"type-product","3":"status-publish","4":"has-post-thumbnail","6":"product_cat-saisonale-pflanzen","7":"product_cat-garten-balkon","8":"product_cat-outdoorpflanzen","9":"product_tag-santispracht","11":"first","12":"instock","13":"taxable","14":"shipping-taxable","15":"purchasable","16":"product-type-simple"},"_links":{"self":[{"href":"https:\/\/www.fleurop-home.ch\/fr-ch\/wp-json\/wp\/v2\/product\/41144","targetHints":{"allow":["GET"]}}],"collection":[{"href":"https:\/\/www.fleurop-home.ch\/fr-ch\/wp-json\/wp\/v2\/product"}],"about":[{"href":"https:\/\/www.fleurop-home.ch\/fr-ch\/wp-json\/wp\/v2\/types\/product"}],"wp:featuredmedia":[{"embeddable":true,"href":"https:\/\/www.fleurop-home.ch\/fr-ch\/wp-json\/wp\/v2\/media\/41143"}],"wp:attachment":[{"href":"https:\/\/www.fleurop-home.ch\/fr-ch\/wp-json\/wp\/v2\/media?parent=41144"}],"wp:term":[{"taxonomy":"product_brand","embeddable":true,"href":"https:\/\/www.fleurop-home.ch\/fr-ch\/wp-json\/wp\/v2\/product_brand?post=41144"},{"taxonomy":"product_cat","embeddable":true,"href":"https:\/\/www.fleurop-home.ch\/fr-ch\/wp-json\/wp\/v2\/product_cat?post=41144"},{"taxonomy":"product_tag","embeddable":true,"href":"https:\/\/www.fleurop-home.ch\/fr-ch\/wp-json\/wp\/v2\/product_tag?post=41144"},{"taxonomy":"woo-feed-brand","embeddable":true,"href":"https:\/\/www.fleurop-home.ch\/fr-ch\/wp-json\/wp\/v2\/woo-feed-brand?post=41144"}],"curies":[{"name":"wp","href":"https:\/\/api.w.org\/{rel}","templated":true}]}}

<p>Cet éperon d'elfe compact à floraison abondante de couleur rouge foncé attire l'attention dans tous les coins ensoleillés. La plante est spécialement cultivée comme fleur d'été saisonnière et convient parfaitement aux bacs de balcon, aux bordures, aux ampoules, aux bacs ou aux plantations de tombes. Les abeilles en particulier apprécient la splendeur des fleurs et créent une activité vivante autour de la plante. Idéalement, l'éperon des elfes pousse dans un sol perméable et préfère un emplacement ensoleillé. L'arrosage doit être modéré afin d'éviter l'accumulation d'eau. Grâce à son entretien facile, cette plante estivale enrichit chaque espace extérieur et représente une biodiversité colorée issue de la production suisse 100 %.</p>
<p>Hauteur : 30 cm<br />
Taille du pot : pot de 12<br />
Résistance au froid : pas de résistance au froid<br />
Lumière : ensoleillée<br />
Période de floraison : de mai à septembre<br />
Sol : perméable</p>

<p>Eperon des elfes rouge foncé - fleur d'été compacte pour les amis des abeilles</p>
