{"id":11935,"date":"2023-05-03T10:44:25","date_gmt":"2023-05-03T08:44:25","guid":{"rendered":"https:\/\/www.fleurop-home.ch\/?product=eisenkraut-verbena-cultivars-1709040870"},"modified":"2026-04-28T09:34:17","modified_gmt":"2026-04-28T07:34:17","slug":"-19","status":"publish","type":"product","link":"https:\/\/www.fleurop-home.ch\/fr-ch\/p\/eisenkraut-verbena-cultivars","title":{"rendered":"Verveine - Verbena Cultivars"},"content":{"rendered":"<p>La verveine Lascar Dark Red est une plante estivale compacte, id\u00e9ale pour les endroits ensoleill\u00e9s. Les fleurs rouge vif caract\u00e9risent l'image de la plante de mai \u00e0 octobre et donnent des accents impressionnants dans chaque jardin ou sur le balcon. Gr\u00e2ce \u00e0 sa croissance rampante, la verveine pousse parfaitement dans un sol perm\u00e9able et se sent particuli\u00e8rement bien dans les bordures, les suspensions et les bacs de balcon. L'entretien est minime et il suffit d'arroser mod\u00e9r\u00e9ment pour que la plante se distingue par la splendeur de ses couleurs. Produite en 100 % de production suisse, cette plante estivale garantit une qualit\u00e9 fiable et un plaisir floral tout au long de la saison.<\/p>\n<p>Hauteur : 25 cm<br \/>\nTaille du pot : pot de 12<br \/>\nR\u00e9sistance au froid : pas de r\u00e9sistance au froid<br \/>\nLumi\u00e8re : ensoleill\u00e9e<br \/>\nP\u00e9riode de floraison : de mai \u00e0 octobre<br \/>\nSol : perm\u00e9able<\/p>","protected":false},"excerpt":{"rendered":"<p>Verveine Lascar Dark Red - plante d'\u00e9t\u00e9 compacte en rouge vif<\/p>","protected":false},"featured_media":43096,"template":"","meta":[],"product_brand":[],"product_cat":[109,34,41],"product_tag":[299],"woo-feed-brand":[],"class_list":{"0":"post-11935","1":"product","2":"type-product","3":"status-publish","4":"has-post-thumbnail","6":"product_cat-saisonale-pflanzen","7":"product_cat-garten-balkon","8":"product_cat-outdoorpflanzen","9":"product_tag-santispracht","11":"first","12":"instock","13":"taxable","14":"shipping-taxable","15":"purchasable","16":"product-type-simple"},"_links":{"self":[{"href":"https:\/\/www.fleurop-home.ch\/fr-ch\/wp-json\/wp\/v2\/product\/11935","targetHints":{"allow":["GET"]}}],"collection":[{"href":"https:\/\/www.fleurop-home.ch\/fr-ch\/wp-json\/wp\/v2\/product"}],"about":[{"href":"https:\/\/www.fleurop-home.ch\/fr-ch\/wp-json\/wp\/v2\/types\/product"}],"wp:featuredmedia":[{"embeddable":true,"href":"https:\/\/www.fleurop-home.ch\/fr-ch\/wp-json\/wp\/v2\/media\/43096"}],"wp:attachment":[{"href":"https:\/\/www.fleurop-home.ch\/fr-ch\/wp-json\/wp\/v2\/media?parent=11935"}],"wp:term":[{"taxonomy":"product_brand","embeddable":true,"href":"https:\/\/www.fleurop-home.ch\/fr-ch\/wp-json\/wp\/v2\/product_brand?post=11935"},{"taxonomy":"product_cat","embeddable":true,"href":"https:\/\/www.fleurop-home.ch\/fr-ch\/wp-json\/wp\/v2\/product_cat?post=11935"},{"taxonomy":"product_tag","embeddable":true,"href":"https:\/\/www.fleurop-home.ch\/fr-ch\/wp-json\/wp\/v2\/product_tag?post=11935"},{"taxonomy":"woo-feed-brand","embeddable":true,"href":"https:\/\/www.fleurop-home.ch\/fr-ch\/wp-json\/wp\/v2\/woo-feed-brand?post=11935"}],"curies":[{"name":"wp","href":"https:\/\/api.w.org\/{rel}","templated":true}]}}

<p>La verveine Lascar Dark Red est une plante estivale compacte, idéale pour les endroits ensoleillés. Les fleurs rouge vif caractérisent l'image de la plante de mai à octobre et donnent des accents impressionnants dans chaque jardin ou sur le balcon. Grâce à sa croissance rampante, la verveine pousse parfaitement dans un sol perméable et se sent particulièrement bien dans les bordures, les suspensions et les bacs de balcon. L'entretien est minime et il suffit d'arroser modérément pour que la plante se distingue par la splendeur de ses couleurs. Produite en 100 % de production suisse, cette plante estivale garantit une qualité fiable et un plaisir floral tout au long de la saison.</p>
<p>Hauteur : 25 cm<br />
Taille du pot : pot de 12<br />
Résistance au froid : pas de résistance au froid<br />
Lumière : ensoleillée<br />
Période de floraison : de mai à octobre<br />
Sol : perméable</p>

<p>Verveine Lascar Dark Red - plante d'été compacte en rouge vif</p>
