{"id":64133,"date":"2025-10-13T15:11:55","date_gmt":"2025-10-13T13:11:55","guid":{"rendered":"https:\/\/www.fleurop-home.ch\/de-ch\/p\/fruchtschale-fleur-weiss-d31cm"},"modified":"2026-04-01T15:29:58","modified_gmt":"2026-04-01T13:29:58","slug":"fruchtschale-fleur-weiss-d31cm","status":"publish","type":"product","link":"https:\/\/www.fleurop-home.ch\/de-ch\/p\/fruchtschale-fleur-weiss-d31cm","title":{"rendered":"Fruchtschale, Fleur, Weiss, D31cm"},"content":{"rendered":"<p>Verleihe deiner K\u00fcche eine stilvolle Note mit unserer Keramik Fruchtschale mit gewelltem Rand. Das klassische Weiss passt zu jeder Einrichtung und der grossz\u00fcgige Durchmesser von 31 cm bietet viel Platz f\u00fcr eine Vielzahl von Fr\u00fcchten. Die einzigartige gewellte Form verleiht dieser Schale einen besonderen Charme und macht sie zum Blickfang auf jedem Esstisch. Sie ist nicht nur \u00e4sthetisch ansprechend, sondern auch langlebig und leicht zu reinigen. Perfekt, um deine Lieblingsfr\u00fcchte stilvoll zu pr\u00e4sentieren.<\/p>\n<p>\u2022 Masse: Durchmesser 31 cm x H\u00f6he 4.5 cm<br \/>\n\u2022 Stilvolle Keramik Fruchtschale mit einem eleganten gewellten Rand<br \/>\n\u2022 Klassisches Weiss, das zu jeder K\u00fccheneinrichtung passt<\/p>\n","protected":false},"excerpt":{"rendered":"<p>Flache Keramik Fruchtschale \/ Obstschale \u201cFleur\u201d mit gewelltem Rand, Weiss, \u00d8 31 cm<\/p>\n","protected":false},"featured_media":64132,"template":"","meta":[],"product_brand":[],"product_cat":[1102,1022,797,1019,1018,984,994,909,1179,911,42,1101,43],"product_tag":[324],"woo-feed-brand":[],"class_list":{"0":"post-64133","1":"product","2":"type-product","3":"status-publish","4":"has-post-thumbnail","6":"product_cat-essen","7":"product_cat-brunch","8":"product_cat-muttertag","9":"product_cat-osterbrunch","10":"product_cat-ostern","11":"product_cat-silvester","12":"product_cat-silvestertisch","13":"product_cat-weihnachten","14":"product_cat-weihnachtsdeko","15":"product_cat-accessoires","16":"product_cat-kueche","17":"product_cat-geschirr","18":"product_cat-gedeckter-tisch","19":"product_tag-marein-ag","21":"first","22":"instock","23":"taxable","24":"shipping-taxable","25":"purchasable","26":"product-type-simple"},"_links":{"self":[{"href":"https:\/\/www.fleurop-home.ch\/de-ch\/wp-json\/wp\/v2\/product\/64133","targetHints":{"allow":["GET"]}}],"collection":[{"href":"https:\/\/www.fleurop-home.ch\/de-ch\/wp-json\/wp\/v2\/product"}],"about":[{"href":"https:\/\/www.fleurop-home.ch\/de-ch\/wp-json\/wp\/v2\/types\/product"}],"wp:featuredmedia":[{"embeddable":true,"href":"https:\/\/www.fleurop-home.ch\/de-ch\/wp-json\/wp\/v2\/media\/64132"}],"wp:attachment":[{"href":"https:\/\/www.fleurop-home.ch\/de-ch\/wp-json\/wp\/v2\/media?parent=64133"}],"wp:term":[{"taxonomy":"product_brand","embeddable":true,"href":"https:\/\/www.fleurop-home.ch\/de-ch\/wp-json\/wp\/v2\/product_brand?post=64133"},{"taxonomy":"product_cat","embeddable":true,"href":"https:\/\/www.fleurop-home.ch\/de-ch\/wp-json\/wp\/v2\/product_cat?post=64133"},{"taxonomy":"product_tag","embeddable":true,"href":"https:\/\/www.fleurop-home.ch\/de-ch\/wp-json\/wp\/v2\/product_tag?post=64133"},{"taxonomy":"woo-feed-brand","embeddable":true,"href":"https:\/\/www.fleurop-home.ch\/de-ch\/wp-json\/wp\/v2\/woo-feed-brand?post=64133"}],"curies":[{"name":"wp","href":"https:\/\/api.w.org\/{rel}","templated":true}]}}

<p>Verleihe deiner Küche eine stilvolle Note mit unserer Keramik Fruchtschale mit gewelltem Rand. Das klassische Weiss passt zu jeder Einrichtung und der grosszügige Durchmesser von 31 cm bietet viel Platz für eine Vielzahl von Früchten. Die einzigartige gewellte Form verleiht dieser Schale einen besonderen Charme und macht sie zum Blickfang auf jedem Esstisch. Sie ist nicht nur ästhetisch ansprechend, sondern auch langlebig und leicht zu reinigen. Perfekt, um deine Lieblingsfrüchte stilvoll zu präsentieren.</p>
<p>• Masse: Durchmesser 31 cm x Höhe 4.5 cm<br />
• Stilvolle Keramik Fruchtschale mit einem eleganten gewellten Rand<br />
• Klassisches Weiss, das zu jeder Kücheneinrichtung passt</p>

<p>Flache Keramik Fruchtschale / Obstschale “Fleur” mit gewelltem Rand, Weiss, Ø 31 cm</p>
